{"id":238,"date":"2016-01-15T21:54:05","date_gmt":"2016-01-15T21:54:05","guid":{"rendered":"https:\/\/ecobnb.fr\/blog\/app\/uploads\/sites\/7\/2016\/01\/v_001-270x200.png"},"modified":"2016-01-15T22:00:33","modified_gmt":"2016-01-15T22:00:33","slug":"v_001-270x200","status":"inherit","type":"attachment","link":"https:\/\/ecobnb.fr\/blog\/v_001-270x200\/","title":{"rendered":"v_001-270&#215;200"},"author":45,"comment_status":"closed","ping_status":"closed","template":"","meta":[],"acf":[],"yoast_head":"<!-- This site is optimized with the Yoast SEO plugin v19.9 - https:\/\/yoast.com\/wordpress\/plugins\/seo\/ -->\n<title>v_001-270x200 - Ecobnb<\/title>\n<meta name=\"robots\" content=\"noindex, follow\" \/>\n<meta property=\"og:locale\" content=\"fr_FR\" \/>\n<meta property=\"og:type\" content=\"article\" \/>\n<meta property=\"og:title\" content=\"v_001-270x200 - Ecobnb\" \/>\n<meta property=\"og:description\" content=\"Page d\u00e9di\u00e9e aux offres sp\u00e9ciales et aux initiatives &quot;vertes&quot; du logement\" \/>\n<meta property=\"og:url\" content=\"https:\/\/ecobnb.fr\/blog\/app\/uploads\/sites\/7\/2016\/01\/v_001-270x200.png\" \/>\n<meta property=\"og:site_name\" content=\"Ecobnb\" \/>\n<meta property=\"article:modified_time\" content=\"2016-01-15T22:00:33+00:00\" \/>\n<meta property=\"og:image\" content=\"https:\/\/ecobnb.fr\/blog\/app\/uploads\/sites\/7\/2016\/01\/v_001-270x200.png\" \/>\n\t<meta property=\"og:image:width\" content=\"270\" \/>\n\t<meta property=\"og:image:height\" content=\"200\" \/>\n\t<meta property=\"og:image:type\" content=\"image\/png\" \/>\n<meta name=\"twitter:card\" content=\"summary_large_image\" \/>\n<!-- \/ Yoast SEO plugin. -->","yoast_head_json":{"title":"v_001-270x200 - Ecobnb","robots":{"index":"noindex","follow":"follow"},"og_locale":"fr_FR","og_type":"article","og_title":"v_001-270x200 - Ecobnb","og_description":"Page d\u00e9di\u00e9e aux offres sp\u00e9ciales et aux initiatives \"vertes\" du logement","og_url":"https:\/\/ecobnb.fr\/blog\/app\/uploads\/sites\/7\/2016\/01\/v_001-270x200.png","og_site_name":"Ecobnb","article_modified_time":"2016-01-15T22:00:33+00:00","og_image":[{"width":270,"height":200,"url":"https:\/\/ecobnb.fr\/blog\/app\/uploads\/sites\/7\/2016\/01\/v_001-270x200.png","type":"image\/png"}],"twitter_card":"summary_large_image","schema":{"@context":"https:\/\/schema.org","@graph":[{"@type":"WebPage","@id":"https:\/\/ecobnb.fr\/blog\/app\/uploads\/sites\/7\/2016\/01\/v_001-270x200.png","url":"https:\/\/ecobnb.fr\/blog\/app\/uploads\/sites\/7\/2016\/01\/v_001-270x200.png","name":"v_001-270x200 - Ecobnb","isPartOf":{"@id":"https:\/\/ecobnb.fr\/blog\/#website"},"datePublished":"2016-01-15T21:54:05+00:00","dateModified":"2016-01-15T22:00:33+00:00","breadcrumb":{"@id":"https:\/\/ecobnb.fr\/blog\/app\/uploads\/sites\/7\/2016\/01\/v_001-270x200.png#breadcrumb"},"inLanguage":"fr-FR","potentialAction":[{"@type":"ReadAction","target":["https:\/\/ecobnb.fr\/blog\/app\/uploads\/sites\/7\/2016\/01\/v_001-270x200.png"]}]},{"@type":"BreadcrumbList","@id":"https:\/\/ecobnb.fr\/blog\/app\/uploads\/sites\/7\/2016\/01\/v_001-270x200.png#breadcrumb","itemListElement":[{"@type":"ListItem","position":1,"name":"Home","item":"https:\/\/ecobnb.fr\/blog\/"},{"@type":"ListItem","position":2,"name":"v_001-270&#215;200"}]},{"@type":"WebSite","@id":"https:\/\/ecobnb.fr\/blog\/#website","url":"https:\/\/ecobnb.fr\/blog\/","name":"Ecobnb","description":"Find sustainable accommodation","potentialAction":[{"@type":"SearchAction","target":{"@type":"EntryPoint","urlTemplate":"https:\/\/ecobnb.fr\/blog\/?s={search_term_string}"},"query-input":"required name=search_term_string"}],"inLanguage":"fr-FR"}]}},"description":{"rendered":"<p class=\"attachment\"><a href='https:\/\/ecobnb.fr\/blog\/app\/uploads\/sites\/7\/2016\/01\/v_001-270x200.png'><img width=\"270\" height=\"200\" src=\"https:\/\/ecobnb.fr\/blog\/app\/uploads\/sites\/7\/2016\/01\/v_001-270x200.png\" class=\"attachment-medium size-medium\" alt=\"logement sur ecobnb\" \/><\/a><\/p>\n<p>promotion du tourisme vert<\/p>\n"},"caption":{"rendered":"<p>Page d\u00e9di\u00e9e aux offres sp\u00e9ciales et aux  initiatives &laquo;&nbsp;vertes&nbsp;&raquo; du logement<\/p>\n"},"alt_text":"logement sur ecobnb","media_type":"image","mime_type":"image\/png","media_details":{"width":270,"height":200,"file":"2016\/01\/v_001-270x200.png","sizes":{},"image_meta":{"aperture":0,"credit":"","camera":"","caption":"","created_timestamp":0,"copyright":"","focal_length":0,"iso":0,"shutter_speed":0,"title":"","orientation":0},"filesize":50891},"post":null,"source_url":"https:\/\/ecobnb.fr\/blog\/app\/uploads\/sites\/7\/2016\/01\/v_001-270x200.png","_links":{"self":[{"href":"https:\/\/ecobnb.fr\/blog\/wp-json\/wp\/v2\/media\/238"}],"collection":[{"href":"https:\/\/ecobnb.fr\/blog\/wp-json\/wp\/v2\/media"}],"about":[{"href":"https:\/\/ecobnb.fr\/blog\/wp-json\/wp\/v2\/types\/attachment"}],"author":[{"embeddable":true,"href":"https:\/\/ecobnb.fr\/blog\/wp-json\/wp\/v2\/users\/45"}]}}

<!-- This site is optimized with the Yoast SEO plugin v19.9 - https://yoast.com/wordpress/plugins/seo/ -->
<title>v_001-270x200 - Ecobnb</title>
<meta name="robots" content="noindex, follow" />
<meta property="og:locale" content="fr_FR" />
<meta property="og:type" content="article" />
<meta property="og:title" content="v_001-270x200 - Ecobnb" />
<meta property="og:description" content="Page dédiée aux offres spéciales et aux initiatives &quot;vertes&quot; du logement" />
<meta property="og:url" content="https://ecobnb.fr/blog/app/uploads/sites/7/2016/01/v_001-270x200.png" />
<meta property="og:site_name" content="Ecobnb" />
<meta property="article:modified_time" content="2016-01-15T22:00:33+00:00" />
<meta property="og:image" content="https://ecobnb.fr/blog/app/uploads/sites/7/2016/01/v_001-270x200.png" />
	<meta property="og:image:width" content="270" />
	<meta property="og:image:height" content="200" />
	<meta property="og:image:type" content="image/png" />
<meta name="twitter:card" content="summary_large_image" />
<!-- / Yoast SEO plugin. -->

Page dédiée aux offres spéciales et aux initiatives "vertes" du logement

<p>Page dédiée aux offres spéciales et aux  initiatives &laquo;&nbsp;vertes&nbsp;&raquo; du logement</p>
