{"id":1687,"date":"2018-09-03T09:00:30","date_gmt":"2018-09-03T09:00:30","guid":{"rendered":"https:\/\/ecobnb.fr\/blog\/?page_id=1687"},"modified":"2018-09-03T09:13:33","modified_gmt":"2018-09-03T09:13:33","slug":"eco-gift-voucher","status":"publish","type":"page","link":"https:\/\/ecobnb.fr\/blog\/eco-gift-voucher\/","title":{"rendered":"\u201cEco\u201d Gift Voucher: offrez un s\u00e9jour eco-durable avec Ecobnb"},"content":{"rendered":"<h3>Eco Gift Voucher: r\u00e9compensez vos clients et promouvez vos produits avec un voyage eco-durable!<\/h3>\n<p>Vous \u00eates une <b>entreprise<\/b> ou un <b>organisme public?<\/b> Ecobnb offre la possibilit\u00e9 d\u2019acheter des <b>vouchers<\/b> pour des <b>s\u00e9jours green<\/b> que vous pouvez offrir \u00e0 vos clients ou employ\u00e9s. Le Gift Voucher permet \u00e0 ce qui le re\u00e7oit de choisir un <b>s\u00e9jour responsable<\/b> parmi l<b>es centaines d\u2019agritourismes biologiques<\/b>, bed &amp; breakfast eco-durable, les italiens Alberghi diffusi , les <b>hotels \u00e9cologiques<\/b>, les glampings plong\u00e9s dans la nature et les appartements eco-friendly, en Italie et en Europe.<span class=\"Apple-converted-space\">\u00a0<\/span><\/p>\n<p>Les vouchers de Ecobnb peuvent s\u2019adapter \u00e0 des<b> exigences<\/b> et objectifs diff\u00e9rents, par exemple on peut les utiliser:<\/p>\n<ul>\n<li>Pendant des <strong>jeu-concours<span class=\"Apple-converted-space\">\u00a0<\/span><\/strong><\/li>\n<li>Pour <b>augmenter<\/b> le numero des clients ou <b>touristes<\/b> dans une <b>destination <\/b>particuli\u00e8re<span class=\"Apple-converted-space\">\u00a0<\/span><\/li>\n<li>Comme cadeau de No\u00ebl pour les employ\u00e9s ou <b>comme prix d\u2019entreprise<\/b><\/li>\n<li>Pour <b>fid\u00e9liser<\/b> les clients actuels ou acqu\u00e9rir des nouveaux<span class=\"Apple-converted-space\">\u00a0<\/span><\/li>\n<\/ul>\n\n\t\t<style type=\"text\/css\">\n\t\t\t#gallery-1 {\n\t\t\t\tmargin: auto;\n\t\t\t}\n\t\t\t#gallery-1 .gallery-item {\n\t\t\t\tfloat: left;\n\t\t\t\tmargin-top: 10px;\n\t\t\t\ttext-align: center;\n\t\t\t\twidth: 33%;\n\t\t\t}\n\t\t\t#gallery-1 img {\n\t\t\t\tborder: 2px solid #cfcfcf;\n\t\t\t}\n\t\t\t#gallery-1 .gallery-caption {\n\t\t\t\tmargin-left: 0;\n\t\t\t}\n\t\t\t\/* see gallery_shortcode() in wp-includes\/media.php *\/\n\t\t<\/style>\n\t\t<div id='gallery-1' class='gallery galleryid-1687 gallery-columns-3 gallery-size-thumbnail'><dl class='gallery-item'>\n\t\t\t<dt class='gallery-icon landscape'>\n\t\t\t\t<img width=\"270\" height=\"200\" src=\"https:\/\/ecobnb.fr\/blog\/app\/uploads\/sites\/7\/2018\/08\/eco11.jpg\" class=\"attachment-thumbnail size-thumbnail\" alt=\"Eco B&amp;B\" aria-describedby=\"gallery-1-1667\" \/>\n\t\t\t<\/dt>\n\t\t\t\t<dd class='wp-caption-text gallery-caption' id='gallery-1-1667'>\n\t\t\t\tUn eco B&amp;B\n\t\t\t\t<\/dd><\/dl><dl class='gallery-item'>\n\t\t\t<dt class='gallery-icon landscape'>\n\t\t\t\t<img width=\"270\" height=\"200\" src=\"https:\/\/ecobnb.fr\/blog\/app\/uploads\/sites\/7\/2018\/08\/eco21.jpg\" class=\"attachment-thumbnail size-thumbnail\" alt=\"eco-friendly hotel\" aria-describedby=\"gallery-1-1668\" \/>\n\t\t\t<\/dt>\n\t\t\t\t<dd class='wp-caption-text gallery-caption' id='gallery-1-1668'>\n\t\t\t\tUn eco-friendly hotel\n\t\t\t\t<\/dd><\/dl><dl class='gallery-item'>\n\t\t\t<dt class='gallery-icon landscape'>\n\t\t\t\t<img width=\"270\" height=\"200\" src=\"https:\/\/ecobnb.fr\/blog\/app\/uploads\/sites\/7\/2018\/08\/eco31.jpg\" class=\"attachment-thumbnail size-thumbnail\" alt=\"ferme biologique\" aria-describedby=\"gallery-1-1669\" \/>\n\t\t\t<\/dt>\n\t\t\t\t<dd class='wp-caption-text gallery-caption' id='gallery-1-1669'>\n\t\t\t\tUne ferme biologique\n\t\t\t\t<\/dd><\/dl><br style=\"clear: both\" \/><dl class='gallery-item'>\n\t\t\t<dt class='gallery-icon landscape'>\n\t\t\t\t<img width=\"270\" height=\"200\" src=\"https:\/\/ecobnb.fr\/blog\/app\/uploads\/sites\/7\/2018\/08\/eco41.jpg\" class=\"attachment-thumbnail size-thumbnail\" alt=\"petit d\u00e9jeuner \u00e0 kilom\u00e8tres 0\" aria-describedby=\"gallery-1-1670\" \/>\n\t\t\t<\/dt>\n\t\t\t\t<dd class='wp-caption-text gallery-caption' id='gallery-1-1670'>\n\t\t\t\tPetit d\u00e9jeuner \u00e0 kilom\u00e8tres 0\n\t\t\t\t<\/dd><\/dl><dl class='gallery-item'>\n\t\t\t<dt class='gallery-icon landscape'>\n\t\t\t\t<img width=\"270\" height=\"200\" src=\"https:\/\/ecobnb.fr\/blog\/app\/uploads\/sites\/7\/2018\/08\/eco51.jpg\" class=\"attachment-thumbnail size-thumbnail\" alt=\"eco-friendly chambre\" aria-describedby=\"gallery-1-1671\" \/>\n\t\t\t<\/dt>\n\t\t\t\t<dd class='wp-caption-text gallery-caption' id='gallery-1-1671'>\n\t\t\t\tUne eco-friendly chambre\n\t\t\t\t<\/dd><\/dl><dl class='gallery-item'>\n\t\t\t<dt class='gallery-icon landscape'>\n\t\t\t\t<img width=\"270\" height=\"200\" src=\"https:\/\/ecobnb.fr\/blog\/app\/uploads\/sites\/7\/2018\/08\/eco6.jpg\" class=\"attachment-thumbnail size-thumbnail\" alt=\"mat\u00e9riaux naturels\" aria-describedby=\"gallery-1-1672\" \/>\n\t\t\t<\/dt>\n\t\t\t\t<dd class='wp-caption-text gallery-caption' id='gallery-1-1672'>\n\t\t\t\tMat\u00e9riaux naturels\n\t\t\t\t<\/dd><\/dl><br style=\"clear: both\" \/>\n\t\t<\/div>\n\n<h2>Pourquoi choisir les gift vouchers de Ecobnb?<\/h2>\n<p>Un <b>voyage <\/b>est toujours un <b>cadeau parfait<\/b>! Un cadeau qui ne reste pas dans le tiroir mais qui offre \u00e0 ceux qui le re\u00e7oivent une <b>experience unique<\/b> et inoubliable pour leur rappeler toujours de vous. Ceux qui re\u00e7oivent le voyage cadeau peuvent choisir leur destination en r\u00e9servant parmi les nombreux logements de notre network. <span class=\"Apple-converted-space\">\u00a0<\/span><\/p>\n<p>En plus, vous allez choisir une entreprise engag\u00e9 dans la <b>sauvegarde de l\u2019environment<\/b> et qui fait attention aux communaut\u00e9s locales pour partager avec vos employ\u00e9s ou clients un message tr\u00e8s important.<span class=\"Apple-converted-space\">\u00a0<\/span><\/p>\n<p>Les logements du network Ecobnb sauvent jusqu\u2019au 90% des <b>\u00e9missions de CO2<\/b> par rapport aux hotels traditionnels. Cela signifie que si vous r\u00e9servez un logement avec tout les 10 conditions de development durable vous allez sauver jusqu\u2019au <b>8085 g de CO2 <\/b>et <b>302 litres d\u2019eau<\/b> par personne par jour.<span class=\"Apple-converted-space\">\u00a0<\/span><\/p>\n<p>La quantit\u00e9 de CO2 se traduit en <b>arbres<\/b> parce que sauver une quantit\u00e9 de CO2 c\u2019est comme planter des arbres, alors que, produire des \u00e9missions, c\u2019est comme les d\u00e9truire. Reserver une nuit dans les logements plus green de Ecobnb signifie planter 295 arbres. Un geste qui peut sauver le monde. Gr\u00e2ce \u00e0 la <a href=\"https:\/\/ecobnb.fr\/blog\/arbres-epargner-voyageant\/\" target=\"_blank\">collaboration avec HowManyTrees<\/a> on peut calculer pr\u00e9cis\u00e9ment la quantit\u00e9 de CO2 sauv\u00e9e pour chaque s\u00e9jour et offrir aux entreprises qui ach\u00e8tent les gift vouchers un <b>report gratuit <\/b>sur les nuits pass\u00e9es et sur la quantit\u00e9 de CO2 et arbres sauv\u00e9e.<\/p>\n<p>En offrant un voyage green vous allez contribuer \u00e0 la reduction des \u00e9missions d\u2019anhydride carbonique dans le tourisme. Pour chaque nuits pass\u00e9e dans un hotel green vous allez sauver CO2 et eau, l\u2019\u00e9quivalent de 296 arbres sauv\u00e9s!<span class=\"Apple-converted-space\">\u00a0<\/span><\/p>\n<p>Enfin, cette id\u00e9e cadeau green vous aidera \u00e0 am\u00e9liorer votre <b>Corporate Social Responsability<\/b>. En offrant un \u00e9co-s\u00e9jour vous allez montrer \u00e0 vos clients ou collaborateur votre engagement vers le <b>development durable<\/b> et votre soutien pour des formes de tourisme qui respectent les lieux, l\u2019environment et les \u00e9conomies locales.<span class=\"Apple-converted-space\">\u00a0<\/span><\/p>\n<p><a href=\"https:\/\/ecobnb.fr\/blog\/contact\/\" target=\"_blank\">Contactez<\/a> nous et indiquez nous votre n\u00e9cessit\u00e9s comme entreprise ou organisme public et on fera le possible pour trouver ensemble la solution parfaite.<span class=\"Apple-converted-space\">\u00a0<\/span><\/p>\n<h2>Ceux qui croit en Ecobnb:<span class=\"Apple-converted-space\">\u00a0<\/span><\/h2>\n<p><img class=\"alignnone wp-image-1673\" src=\"https:\/\/ecobnb.fr\/blog\/app\/uploads\/sites\/7\/2018\/08\/eco7.png\" alt=\"Muse\" width=\"300\" height=\"133\" srcset=\"https:\/\/ecobnb.fr\/blog\/app\/uploads\/sites\/7\/2018\/08\/eco7.png 536w, https:\/\/ecobnb.fr\/blog\/app\/uploads\/sites\/7\/2018\/08\/eco7-344x152.png 344w\" sizes=\"(max-width: 300px) 100vw, 300px\" \/>\u00a0 \u00a0 \u00a0 \u00a0<img class=\"alignnone wp-image-1674\" src=\"https:\/\/ecobnb.fr\/blog\/app\/uploads\/sites\/7\/2018\/08\/eco8.png\" alt=\"eco8\" width=\"300\" height=\"153\" srcset=\"https:\/\/ecobnb.fr\/blog\/app\/uploads\/sites\/7\/2018\/08\/eco8.png 475w, https:\/\/ecobnb.fr\/blog\/app\/uploads\/sites\/7\/2018\/08\/eco8-344x176.png 344w\" sizes=\"(max-width: 300px) 100vw, 300px\" \/>\u00a0 \u00a0 \u00a0\u00a0<img class=\"alignnone wp-image-1675\" src=\"https:\/\/ecobnb.fr\/blog\/app\/uploads\/sites\/7\/2018\/08\/eco9.jpg\" alt=\"Latte Bio\" width=\"300\" height=\"200\" srcset=\"https:\/\/ecobnb.fr\/blog\/app\/uploads\/sites\/7\/2018\/08\/eco9.jpg 1600w, https:\/\/ecobnb.fr\/blog\/app\/uploads\/sites\/7\/2018\/08\/eco9-536x357.jpg 536w, https:\/\/ecobnb.fr\/blog\/app\/uploads\/sites\/7\/2018\/08\/eco9-344x229.jpg 344w\" sizes=\"(max-width: 300px) 100vw, 300px\" \/><\/p>\n<p>&nbsp;<\/p>\n<p>&nbsp;<\/p>\n<p><img class=\"alignnone wp-image-1676\" src=\"https:\/\/ecobnb.fr\/blog\/app\/uploads\/sites\/7\/2018\/08\/eco10.png\" alt=\"Tetrapak\" width=\"300\" height=\"72\" srcset=\"https:\/\/ecobnb.fr\/blog\/app\/uploads\/sites\/7\/2018\/08\/eco10.png 500w, https:\/\/ecobnb.fr\/blog\/app\/uploads\/sites\/7\/2018\/08\/eco10-344x83.png 344w\" sizes=\"(max-width: 300px) 100vw, 300px\" \/>\u00a0 \u00a0 \u00a0 \u00a0 \u00a0<img class=\"alignnone wp-image-1677\" src=\"https:\/\/ecobnb.fr\/blog\/app\/uploads\/sites\/7\/2018\/08\/eco111.jpg\" alt=\"Liquigas\" width=\"300\" height=\"77\" srcset=\"https:\/\/ecobnb.fr\/blog\/app\/uploads\/sites\/7\/2018\/08\/eco111.jpg 3079w, https:\/\/ecobnb.fr\/blog\/app\/uploads\/sites\/7\/2018\/08\/eco111-536x138.jpg 536w, https:\/\/ecobnb.fr\/blog\/app\/uploads\/sites\/7\/2018\/08\/eco111-344x89.jpg 344w\" sizes=\"(max-width: 300px) 100vw, 300px\" \/>\u00a0 \u00a0 \u00a0 \u00a0 \u00a0\u00a0<img class=\"alignnone wp-image-1678\" src=\"https:\/\/ecobnb.fr\/blog\/app\/uploads\/sites\/7\/2018\/08\/eco12.jpg\" alt=\"Agosto\" width=\"300\" height=\"76\" srcset=\"https:\/\/ecobnb.fr\/blog\/app\/uploads\/sites\/7\/2018\/08\/eco12.jpg 3831w, https:\/\/ecobnb.fr\/blog\/app\/uploads\/sites\/7\/2018\/08\/eco12-536x135.jpg 536w, https:\/\/ecobnb.fr\/blog\/app\/uploads\/sites\/7\/2018\/08\/eco12-344x87.jpg 344w\" sizes=\"(max-width: 300px) 100vw, 300px\" \/><\/p>\n<p>&nbsp;<\/p>\n<p>&nbsp;<\/p>\n<p><img class=\"alignnone size-full wp-image-1679\" src=\"https:\/\/ecobnb.fr\/blog\/app\/uploads\/sites\/7\/2018\/08\/eco13.png\" alt=\"Unilever\" width=\"213\" height=\"236\" \/>\u00a0 \u00a0 \u00a0 \u00a0 \u00a0 \u00a0 \u00a0 \u00a0\u00a0<img class=\"alignnone wp-image-1680\" src=\"https:\/\/ecobnb.fr\/blog\/app\/uploads\/sites\/7\/2018\/08\/eco14.png\" alt=\"Zucchi\" width=\"300\" height=\"245\" srcset=\"https:\/\/ecobnb.fr\/blog\/app\/uploads\/sites\/7\/2018\/08\/eco14.png 519w, https:\/\/ecobnb.fr\/blog\/app\/uploads\/sites\/7\/2018\/08\/eco14-344x280.png 344w\" sizes=\"(max-width: 300px) 100vw, 300px\" \/>\u00a0 \u00a0 \u00a0 \u00a0\u00a0<img class=\"alignnone wp-image-1681\" src=\"https:\/\/ecobnb.fr\/blog\/app\/uploads\/sites\/7\/2018\/08\/eco15.jpg\" alt=\"Calv\u00e9\" width=\"300\" height=\"210\" srcset=\"https:\/\/ecobnb.fr\/blog\/app\/uploads\/sites\/7\/2018\/08\/eco15.jpg 1024w, https:\/\/ecobnb.fr\/blog\/app\/uploads\/sites\/7\/2018\/08\/eco15-536x375.jpg 536w, https:\/\/ecobnb.fr\/blog\/app\/uploads\/sites\/7\/2018\/08\/eco15-344x241.jpg 344w\" sizes=\"(max-width: 300px) 100vw, 300px\" \/><\/p>\n<p>&nbsp;<\/p>\n<p><img class=\"alignnone wp-image-1682\" src=\"https:\/\/ecobnb.fr\/blog\/app\/uploads\/sites\/7\/2018\/08\/eco16.jpg\" alt=\"Alpine Pearls\" width=\"300\" height=\"225\" srcset=\"https:\/\/ecobnb.fr\/blog\/app\/uploads\/sites\/7\/2018\/08\/eco16.jpg 640w, https:\/\/ecobnb.fr\/blog\/app\/uploads\/sites\/7\/2018\/08\/eco16-536x402.jpg 536w, https:\/\/ecobnb.fr\/blog\/app\/uploads\/sites\/7\/2018\/08\/eco16-344x258.jpg 344w\" sizes=\"(max-width: 300px) 100vw, 300px\" \/>\u00a0 \u00a0\u00a0<img class=\"alignnone size-full wp-image-1683\" src=\"https:\/\/ecobnb.fr\/blog\/app\/uploads\/sites\/7\/2018\/08\/eco17.png\" alt=\"Parco naturale adamello\" width=\"300\" height=\"180\" \/>\u00a0 \u00a0 \u00a0 \u00a0<img class=\"alignnone size-full wp-image-1684\" src=\"https:\/\/ecobnb.fr\/blog\/app\/uploads\/sites\/7\/2018\/08\/eco18.jpg\" alt=\"Slovenia green\" width=\"300\" height=\"200\" \/><\/p>\n<p>&nbsp;<\/p>\n","protected":false},"excerpt":{"rendered":"<p>Eco Gift Voucher: r\u00e9compensez vos clients et promouvez vos produits avec un voyage eco-durable! Vous \u00eates une entreprise ou un organisme public? Ecobnb offre la possibilit\u00e9 d\u2019acheter des vouchers pour des s\u00e9jours green que vous pouvez offrir \u00e0 vos clients ou employ\u00e9s. Le Gift Voucher permet \u00e0 ce qui le re\u00e7oit de choisir un s\u00e9jour [&hellip;]<\/p>\n","protected":false},"author":84,"featured_media":1666,"parent":0,"menu_order":0,"comment_status":"closed","ping_status":"open","template":"page-nosidebar.php","meta":[],"acf":[],"yoast_head":"<!-- This site is optimized with the Yoast SEO plugin v19.9 - https:\/\/yoast.com\/wordpress\/plugins\/seo\/ -->\n<title>\u201cEco\u201d Gift Voucher: offrez un s\u00e9jour eco-durable - Ecobnb<\/title>\n<meta name=\"description\" content=\"Eco Gift Voucher: offrez un s\u00e9jour eco-durable. R\u00e9compensez vos clients et promouvez vos produits avec un voyage eco-durable!\" \/>\n<meta name=\"robots\" content=\"index, follow, max-snippet:-1, max-image-preview:large, max-video-preview:-1\" \/>\n<link rel=\"canonical\" href=\"https:\/\/ecobnb.fr\/blog\/eco-gift-voucher\/\" \/>\n<meta property=\"og:locale\" content=\"fr_FR\" \/>\n<meta property=\"og:type\" content=\"article\" \/>\n<meta property=\"og:title\" content=\"\u201cEco\u201d Gift Voucher: offrez un s\u00e9jour eco-durable - Ecobnb\" \/>\n<meta property=\"og:description\" content=\"Eco Gift Voucher: offrez un s\u00e9jour eco-durable. R\u00e9compensez vos clients et promouvez vos produits avec un voyage eco-durable!\" \/>\n<meta property=\"og:url\" content=\"https:\/\/ecobnb.fr\/blog\/eco-gift-voucher\/\" \/>\n<meta property=\"og:site_name\" content=\"Ecobnb\" \/>\n<meta property=\"article:modified_time\" content=\"2018-09-03T09:13:33+00:00\" \/>\n<meta property=\"og:image\" content=\"https:\/\/ecobnb.fr\/blog\/app\/uploads\/sites\/7\/2018\/08\/eco5.jpg\" \/>\n\t<meta property=\"og:image:width\" content=\"1000\" \/>\n\t<meta property=\"og:image:height\" content=\"400\" \/>\n\t<meta property=\"og:image:type\" content=\"image\/jpeg\" \/>\n<meta name=\"twitter:card\" content=\"summary_large_image\" \/>\n<meta name=\"twitter:label1\" content=\"Est. reading time\" \/>\n\t<meta name=\"twitter:data1\" content=\"3 minutes\" \/>\n<!-- \/ Yoast SEO plugin. -->","yoast_head_json":{"title":"\u201cEco\u201d Gift Voucher: offrez un s\u00e9jour eco-durable - Ecobnb","description":"Eco Gift Voucher: offrez un s\u00e9jour eco-durable. R\u00e9compensez vos clients et promouvez vos produits avec un voyage eco-durable!","robots":{"index":"index","follow":"follow","max-snippet":"max-snippet:-1","max-image-preview":"max-image-preview:large","max-video-preview":"max-video-preview:-1"},"canonical":"https:\/\/ecobnb.fr\/blog\/eco-gift-voucher\/","og_locale":"fr_FR","og_type":"article","og_title":"\u201cEco\u201d Gift Voucher: offrez un s\u00e9jour eco-durable - Ecobnb","og_description":"Eco Gift Voucher: offrez un s\u00e9jour eco-durable. R\u00e9compensez vos clients et promouvez vos produits avec un voyage eco-durable!","og_url":"https:\/\/ecobnb.fr\/blog\/eco-gift-voucher\/","og_site_name":"Ecobnb","article_modified_time":"2018-09-03T09:13:33+00:00","og_image":[{"width":1000,"height":400,"url":"https:\/\/ecobnb.fr\/blog\/app\/uploads\/sites\/7\/2018\/08\/eco5.jpg","type":"image\/jpeg"}],"twitter_card":"summary_large_image","twitter_misc":{"Est. reading time":"3 minutes"},"schema":{"@context":"https:\/\/schema.org","@graph":[{"@type":"WebPage","@id":"https:\/\/ecobnb.fr\/blog\/eco-gift-voucher\/","url":"https:\/\/ecobnb.fr\/blog\/eco-gift-voucher\/","name":"\u201cEco\u201d Gift Voucher: offrez un s\u00e9jour eco-durable - Ecobnb","isPartOf":{"@id":"https:\/\/ecobnb.fr\/blog\/#website"},"datePublished":"2018-09-03T09:00:30+00:00","dateModified":"2018-09-03T09:13:33+00:00","description":"Eco Gift Voucher: offrez un s\u00e9jour eco-durable. R\u00e9compensez vos clients et promouvez vos produits avec un voyage eco-durable!","breadcrumb":{"@id":"https:\/\/ecobnb.fr\/blog\/eco-gift-voucher\/#breadcrumb"},"inLanguage":"fr-FR","potentialAction":[{"@type":"ReadAction","target":["https:\/\/ecobnb.fr\/blog\/eco-gift-voucher\/"]}]},{"@type":"BreadcrumbList","@id":"https:\/\/ecobnb.fr\/blog\/eco-gift-voucher\/#breadcrumb","itemListElement":[{"@type":"ListItem","position":1,"name":"Home","item":"https:\/\/ecobnb.fr\/blog\/"},{"@type":"ListItem","position":2,"name":"\u201cEco\u201d Gift Voucher: offrez un s\u00e9jour eco-durable avec Ecobnb"}]},{"@type":"WebSite","@id":"https:\/\/ecobnb.fr\/blog\/#website","url":"https:\/\/ecobnb.fr\/blog\/","name":"Ecobnb","description":"Find sustainable accommodation","potentialAction":[{"@type":"SearchAction","target":{"@type":"EntryPoint","urlTemplate":"https:\/\/ecobnb.fr\/blog\/?s={search_term_string}"},"query-input":"required name=search_term_string"}],"inLanguage":"fr-FR"}]}},"_links":{"self":[{"href":"https:\/\/ecobnb.fr\/blog\/wp-json\/wp\/v2\/pages\/1687"}],"collection":[{"href":"https:\/\/ecobnb.fr\/blog\/wp-json\/wp\/v2\/pages"}],"about":[{"href":"https:\/\/ecobnb.fr\/blog\/wp-json\/wp\/v2\/types\/page"}],"author":[{"embeddable":true,"href":"https:\/\/ecobnb.fr\/blog\/wp-json\/wp\/v2\/users\/84"}],"replies":[{"embeddable":true,"href":"https:\/\/ecobnb.fr\/blog\/wp-json\/wp\/v2\/comments?post=1687"}],"version-history":[{"count":2,"href":"https:\/\/ecobnb.fr\/blog\/wp-json\/wp\/v2\/pages\/1687\/revisions"}],"predecessor-version":[{"id":1690,"href":"https:\/\/ecobnb.fr\/blog\/wp-json\/wp\/v2\/pages\/1687\/revisions\/1690"}],"wp:featuredmedia":[{"embeddable":true,"href":"https:\/\/ecobnb.fr\/blog\/wp-json\/wp\/v2\/media\/1666"}],"wp:attachment":[{"href":"https:\/\/ecobnb.fr\/blog\/wp-json\/wp\/v2\/media?parent=1687"}],"curies":[{"name":"wp","href":"https:\/\/api.w.org\/{rel}","templated":true}]}}