{"id":7139,"date":"2025-11-02T10:57:01","date_gmt":"2025-11-02T10:57:01","guid":{"rendered":"https:\/\/ecobnb.fr\/blog\/?page_id=7139"},"modified":"2025-11-02T11:33:19","modified_gmt":"2025-11-02T11:33:19","slug":"historie","status":"publish","type":"page","link":"https:\/\/ecobnb.fr\/blog\/historie\/","title":{"rendered":"Notre histoire : comment Ecobnb est n\u00e9"},"content":{"rendered":"<h2>Comment Ecobnb est n\u00e9, l\u2019aventure entreprise pour am\u00e9liorer notre fa\u00e7on de voyager, pour rendre le tourisme plus durable, respectueux de l\u2019environnement, des lieux et des communaut\u00e9s locales. Ici, nous voulons vous raconter notre histoire, qui nous sommes et pourquoi nous le faisons.<\/h2>\n<p>Nous sommes Simone et Silvia, et en 2013 nous avons d\u00e9cid\u00e9 de r\u00e9volutionner nos vies en cr\u00e9ant <strong>Ecobnb :<\/strong> un lieu o\u00f9 <strong>voyageurs responsables<\/strong> rencontrent <strong>h\u00e9bergements \u00e9co-responsables<\/strong> qui investissent chaque jour dans un avenir meilleur.<\/p>\n<p><span style=\"color: initial;\">Le projet est n\u00e9 de notre <strong>parcours personnel<\/strong> : d\u00e9j\u00e0 engag\u00e9s dans un groupe d\u2019achats durables, passionn\u00e9s par la bioarchitecture, le bio et le z\u00e9ro d\u00e9chet, nous voulions <strong>rendre possibles de meilleurs choix m\u00eame pendant nos voyages<\/strong>.<\/span><\/p>\n<div id=\"attachment_7143\" class=\"thumbnail alignnone\"><img class=\"size-large wp-image-7143\" src=\"https:\/\/ecobnb.fr\/blog\/app\/uploads\/sites\/7\/2025\/11\/Silvia-Simone-Ecobnb-Ecobnb-ok-1-870x490.jpg\" alt=\"Silvia et Simone, fondateurs d\u2019Ecobnb. Silvia, grande amoureuse de la nature et des voyages, s\u2019occupe de la communication. Simone, passionn\u00e9 de technologie et d\u2019informatique, est le CEO d\u2019Ecobnb.\" width=\"870\" height=\"490\" srcset=\"https:\/\/ecobnb.fr\/blog\/app\/uploads\/sites\/7\/2025\/11\/Silvia-Simone-Ecobnb-Ecobnb-ok-1-870x490.jpg 870w, https:\/\/ecobnb.fr\/blog\/app\/uploads\/sites\/7\/2025\/11\/Silvia-Simone-Ecobnb-Ecobnb-ok-1-570x320.jpg 570w\" sizes=\"(max-width: 870px) 100vw, 870px\" \/><div class=\"caption\">Silvia et Simone, fondateurs d\u2019Ecobnb. Silvia, grande amoureuse de la nature et des voyages, s\u2019occupe de la communication. Simone, passionn\u00e9 de technologie et d\u2019informatique, est le CEO d\u2019Ecobnb.<\/div><\/div>\n<h2>Le changement commence par nous<\/h2>\n<p data-start=\"2051\" data-end=\"2232\">Nous avons r\u00e9alis\u00e9 que beaucoup de choses ne fonctionnaient pas et les ignorer n\u2019\u00e9tait plus une option. Nous avons donc d\u00e9cid\u00e9 de <strong data-start=\"2167\" data-end=\"2190\">faire le premier pas<\/strong>, convaincus que <strong>chaque petit geste compte<\/strong> et peut faire la diff\u00e9rence. C\u2019est de l\u00e0 qu\u2019est n\u00e9 notre engagement quotidien : <strong>rendre le tourisme plus durable<\/strong>, bienveillant et <strong>respectueux de la plan\u00e8te<\/strong>.<\/p>\n<p data-start=\"2234\" data-end=\"2309\">Comme disait Gandhi :<br data-start=\"2253\" data-end=\"2256\" \/><strong data-start=\"2256\" data-end=\"2307\">\u00ab Soyez le changement que vous voulez voir dans le monde. \u00bb<\/strong><\/p>\n<div class=\"embed-container\"><iframe loading=\"lazy\" title=\"ViaggiVerdi\" width=\"1170\" height=\"658\" src=\"https:\/\/www.youtube.com\/embed\/BVTWCt3ic7E?feature=oembed&#038;enablejsapi=1&#038;origin=https:\/\/ecobnb.fr\" frameborder=\"0\" allow=\"accelerometer; autoplay; clipboard-write; encrypted-media; gyroscope; picture-in-picture; web-share\" referrerpolicy=\"strict-origin-when-cross-origin\" allowfullscreen><\/iframe><\/div>\n<h2>O\u00f9 tout a commenc\u00e9<\/h2>\n<p><img class=\"size-full wp-image-7144 alignright\" src=\"https:\/\/ecobnb.fr\/blog\/app\/uploads\/sites\/7\/2025\/11\/Simone.png\" alt=\"Simone Riccardi\" width=\"536\" height=\"421\" srcset=\"https:\/\/ecobnb.fr\/blog\/app\/uploads\/sites\/7\/2025\/11\/Simone.png 536w, https:\/\/ecobnb.fr\/blog\/app\/uploads\/sites\/7\/2025\/11\/Simone-344x270.png 344w\" sizes=\"(max-width: 536px) 100vw, 536px\" \/><\/p>\n<blockquote><p>&laquo;&nbsp;Tout a commenc\u00e9 par une recherche frustrante : je cherchais un <strong data-start=\"2529\" data-end=\"2553\">h\u00e9bergement durable<\/strong> pour une conf\u00e9rence \u00e0 Potenza et, apr\u00e8s des heures d\u2019essais, la seule solution \u00e9tait un couvent.<\/p>\n<p><span style=\"font-size: revert; color: initial;\">\u00c0 ce moment-l\u00e0, j\u2019ai compris que <\/span><strong style=\"font-size: revert; color: initial;\">il manquait un outil pour rendre<\/strong> <strong style=\"font-size: revert; color: initial;\" data-start=\"2711\" data-end=\"2756\">le tourisme \u00e9co-responsable simple et accessible<\/strong><span style=\"font-size: revert; color: initial;\">.<\/span><\/p>\n<p><span style=\"font-size: revert; color: initial;\">Quelques ann\u00e9es plus tard, en travaillant sur le site des Bed &amp; Breakfast de Parme, j\u2019ai exp\u00e9riment\u00e9 un <\/span><strong style=\"font-size: revert; color: initial;\">crit\u00e8re de recherche li\u00e9 \u00e0 la durabilit\u00e9 :<\/strong><span style=\"font-size: revert; color: initial;\"> cela a si bien fonctionn\u00e9 que l\u2019id\u00e9e de cr\u00e9er un portail pour tous les h\u00e9bergements \u00e9co-responsables en Italie est n\u00e9e.<\/span><\/p>\n<p><span style=\"font-size: revert; color: initial;\">Ainsi, fin mai 2013, est n\u00e9 <\/span><strong style=\"font-size: revert; color: initial;\" data-start=\"3041\" data-end=\"3059\">ViaggiVerdi<\/strong><span style=\"font-size: revert; color: initial;\">, qui devient en 2014 <\/span><strong style=\"font-size: revert; color: initial;\" data-start=\"3082\" data-end=\"3092\">Ecobnb<\/strong><span style=\"font-size: revert; color: initial;\">. Aujourd\u2019hui, nous sommes la plus grande communaut\u00e9 de <\/span><strong style=\"font-size: revert; color: initial;\" data-start=\"3132\" data-end=\"3165\">tourisme durable en Europe<\/strong><span style=\"font-size: revert; color: initial;\">, avec plus de 3 000 \u00e9tablissements distingu\u00e9s pour leur engagement environnemental et les <\/span><a style=\"font-size: revert;\" href=\"https:\/\/ecobnb.fr\/blog\/arbres-epargner-voyageant\/\" target=\"_blank\" rel=\"noopener\">actions concr\u00e8tes pour r\u00e9duire leur empreinte \u00e9cologique<\/a><span style=\"font-size: revert; color: initial;\">.<\/span><\/p>\n<p><strong style=\"font-size: revert; color: initial;\" data-start=\"3301\" data-end=\"3324\">Participez vous aussi :<\/strong><span style=\"font-size: revert; color: initial;\"> parlez-en \u00e0 vos amis, r\u00e9servez votre s\u00e9jour vert ou signalez des h\u00e9bergements \u00e9co-responsables que vous connaissez. Chaque petit geste compte !&nbsp;&raquo;<\/span><\/p>\n<p><span style=\"font-size: revert; color: initial;\">Simone Riccardi, fondateur d\u2019Ecobnb<\/span><\/p><\/blockquote>\n<h2>Ecobnb aujourd\u2019hui<\/h2>\n<div class=\"embed-container\"><iframe loading=\"lazy\" title=\"Ecobnb - the community of Sustainable Tourism\" width=\"1170\" height=\"658\" src=\"https:\/\/www.youtube.com\/embed\/Au1RewRlWxs?feature=oembed&#038;enablejsapi=1&#038;origin=https:\/\/ecobnb.fr\" frameborder=\"0\" allow=\"accelerometer; autoplay; clipboard-write; encrypted-media; gyroscope; picture-in-picture; web-share\" referrerpolicy=\"strict-origin-when-cross-origin\" allowfullscreen><\/iframe><\/div>\n<p>Ecobnb est <strong>la r\u00e9f\u00e9rence pour ceux qui recherchent des h\u00e9bergements \u00e9co-responsables<\/strong>, mais c\u2019est aussi l\u2019endroit id\u00e9al pour trouver tous types de conseils sur :<\/p>\n<ul>\n<li><strong>Itin\u00e9raires lents<\/strong>, \u00e0 parcourir \u00e0 pied, \u00e0 v\u00e9lo ou \u00e0 cheval,<\/li>\n<li><strong>Endroits moins connus<\/strong> et <strong>plus authentiques<\/strong>, \u00e0 d\u00e9couvrir de mani\u00e8re durable,<\/li>\n<li><strong>Voyager de mani\u00e8re plus consciente<\/strong> et respectueuse de la plan\u00e8te.<\/li>\n<\/ul>\n<p data-start=\"2657\" data-end=\"2885\">Le tourisme est l\u2019une des principales causes de pollution, et Ecobnb est n\u00e9 pour aider les voyageurs conscients \u00e0 trouver <strong data-start=\"3738\" data-end=\"3774\">de petits h\u00e9bergements \u00e9co-responsables<\/strong>, donnant de la visibilit\u00e9 \u00e0 ceux qui travaillent d\u00e9j\u00e0 avec passion pour un avenir meilleur. Avec Ecobnb, vous pouvez facilement r\u00e9server tout type de <strong data-start=\"3903\" data-end=\"3929\">s\u00e9jour \u00e9co-responsable<\/strong> : fermes immerses dans la nature, maisons dans les arbres, refuges z\u00e9ro \u00e9mission ou h\u00f4tels r\u00e9partis dans des villages anciens.<\/p>\n<p data-start=\"4048\" data-end=\"4208\">Chaque s\u00e9jour contribue \u00e0 <a href=\"https:\/\/ecobnb.fr\/blog\/arbres\/\" target=\"_blank\" rel=\"noopener\"><strong data-start=\"4078\" data-end=\"4125\">r\u00e9duire la consommation, le gaspillage et les \u00e9missions de CO\u2082<\/strong><\/a>, jusqu\u2019\u00e0 8 kg par personne et par jour, soit l\u2019\u00e9quivalent de <strong data-start=\"4179\" data-end=\"4202\">295 arbres plant\u00e9s<\/strong> !<\/p>\n<h2 data-start=\"3151\" data-end=\"3365\">Croissance et projets<\/h2>\n<p><img class=\"alignnone size-full wp-image-7149\" src=\"https:\/\/ecobnb.fr\/blog\/app\/uploads\/sites\/7\/2025\/11\/untwo-2017-madrid.jpg\" alt=\"untwo 2017 madrid\" width=\"870\" height=\"490\" srcset=\"https:\/\/ecobnb.fr\/blog\/app\/uploads\/sites\/7\/2025\/11\/untwo-2017-madrid.jpg 870w, https:\/\/ecobnb.fr\/blog\/app\/uploads\/sites\/7\/2025\/11\/untwo-2017-madrid-536x302.jpg 536w, https:\/\/ecobnb.fr\/blog\/app\/uploads\/sites\/7\/2025\/11\/untwo-2017-madrid-768x433.jpg 768w, https:\/\/ecobnb.fr\/blog\/app\/uploads\/sites\/7\/2025\/11\/untwo-2017-madrid-570x320.jpg 570w, https:\/\/ecobnb.fr\/blog\/app\/uploads\/sites\/7\/2025\/11\/untwo-2017-madrid-344x194.jpg 344w\" sizes=\"(max-width: 870px) 100vw, 870px\" \/><\/p>\n<p data-start=\"3402\" data-end=\"3625\"><span style=\"color: initial;\">Gr\u00e2ce au <\/span><a href=\"https:\/\/ecobnb.it\/blog\/2014\/05\/ecodots-unione-europea-turismo-sostenibile\/\" target=\"_blank\" rel=\"noopener\">projet<\/a><a href=\"https:\/\/ecobnb.it\/blog\/2014\/05\/ecodots-unione-europea-turismo-sostenibile\/\" target=\"_blank\" rel=\"noopener\"> europ\u00e9en<\/a><a href=\"https:\/\/ecobnb.it\/blog\/2014\/05\/ecodots-unione-europea-turismo-sostenibile\/\" target=\"_blank\" rel=\"noopener\"> E<\/a><a href=\"https:\/\/ecobnb.it\/blog\/2014\/05\/ecodots-unione-europea-turismo-sostenibile\/\" target=\"_blank\" rel=\"noopener\">coDots<\/a><span style=\"color: initial;\">, Ecobnb a pu s\u2019\u00e9tendre \u00e0 l\u2019international, r\u00e9unissant l\u2019hospitalit\u00e9 \u00e9co-responsable de plus de 60 pays et alignant les crit\u00e8res de durabilit\u00e9 avec les principales certifications environnementales.<\/span><\/p>\n<p data-start=\"3627\" data-end=\"3830\">En 2017, l\u2019<strong data-start=\"3638\" data-end=\"3677\">Organisation Mondiale du Tourisme<\/strong> nous a r\u00e9compens\u00e9s avec le <a href=\"https:\/\/ecobnb.it\/blog\/2017\/01\/unwto-awards-turismo-sostenibile\/\" target=\"_blank\" rel=\"noopener\">Prix UNWTO<\/a> pour l\u2019innovation et la durabilit\u00e9, une \u00e9tape importante qui nous a encourag\u00e9s \u00e0 continuer d\u2019innover et \u00e0 renforcer notre communaut\u00e9.<\/p>\n<p data-start=\"3832\" data-end=\"4099\">Pendant la pand\u00e9mie de 2020, alors que le tourisme mondial s\u2019arr\u00eatait, la prise de conscience de l\u2019importance de notre bien-\u00eatre \u00e9troitement li\u00e9 \u00e0 celui de la plan\u00e8te a grandi. Ainsi, nous avons continu\u00e9 \u00e0 soutenir les h\u00e9bergements \u00e9co-responsables avec <strong data-start=\"3962\" data-end=\"4026\">des ateliers, des formations en ligne et un<\/strong> <a href=\"https:\/\/ecobnb.it\/blog\/partner-convenzionati\/\" target=\"_blank\" rel=\"noopener\">catal<\/a><a href=\"https:\/\/ecobnb.it\/blog\/partner-convenzionati\/\" target=\"_blank\" rel=\"noopener\">ogue<\/a><a href=\"https:\/\/ecobnb.it\/blog\/partner-convenzionati\/\" target=\"_blank\" rel=\"noopener\"> de<\/a><a href=\"https:\/\/ecobnb.it\/blog\/partner-convenzionati\/\" target=\"_blank\" rel=\"noopener\"> fournis<\/a><a href=\"https:\/\/ecobnb.it\/blog\/partner-convenzionati\/\" target=\"_blank\" rel=\"noopener\">seurs<\/a><a href=\"https:\/\/ecobnb.it\/blog\/partner-convenzionati\/\" target=\"_blank\" rel=\"noopener\"> verts<\/a>, transformant une crise en opportunit\u00e9 de croissance et de durabilit\u00e9.<\/p>\n<p data-start=\"4101\" data-end=\"4372\">Ces derni\u00e8res ann\u00e9es, nous avons lanc\u00e9 <strong data-start=\"4136\" data-end=\"4171\">des projets concrets pour la nature<\/strong> : plantations d\u2019arbres autochtones avec des fermes et des agriculteurs gardiens, et la cr\u00e9ation de <a href=\"https:\/\/ecobnb.fr\/blog\/2023\/07\/planter-arbres-creer-forets-seculaires\/\" target=\"_blank\" rel=\"noopener\"><strong data-start=\"4262\" data-end=\"4292\">for\u00eats s\u00e9culaires en Italie<\/strong><\/a>, que les voyageurs peuvent visiter et soutenir gr\u00e2ce aux <a href=\"https:\/\/ecobnb.fr\/shop\" target=\"_blank\" rel=\"noopener\"><strong>cartes-cadeaux Ecobnb<\/strong><\/a>.<\/p>\n<div id=\"attachment_7148\" class=\"thumbnail alignnone\"><img class=\"size-full wp-image-7148\" src=\"https:\/\/ecobnb.fr\/blog\/app\/uploads\/sites\/7\/2025\/11\/biodiversita-foreste-870x490-1.jpg\" alt=\"biodiversit\u00e9 des for\u00eats\" width=\"870\" height=\"490\" srcset=\"https:\/\/ecobnb.fr\/blog\/app\/uploads\/sites\/7\/2025\/11\/biodiversita-foreste-870x490-1.jpg 870w, https:\/\/ecobnb.fr\/blog\/app\/uploads\/sites\/7\/2025\/11\/biodiversita-foreste-870x490-1-536x302.jpg 536w, https:\/\/ecobnb.fr\/blog\/app\/uploads\/sites\/7\/2025\/11\/biodiversita-foreste-870x490-1-768x433.jpg 768w, https:\/\/ecobnb.fr\/blog\/app\/uploads\/sites\/7\/2025\/11\/biodiversita-foreste-870x490-1-570x320.jpg 570w, https:\/\/ecobnb.fr\/blog\/app\/uploads\/sites\/7\/2025\/11\/biodiversita-foreste-870x490-1-344x194.jpg 344w\" sizes=\"(max-width: 870px) 100vw, 870px\" \/><div class=\"caption\">Foto via Canva PRO<\/div><\/div>\n<h2 data-start=\"4403\" data-end=\"4667\">Venez avec nous<\/h2>\n<p data-start=\"4403\" data-end=\"4667\">Avec Ecobnb, nous voulons montrer qu\u2019<strong data-start=\"4438\" data-end=\"4472\">un tourisme diff\u00e9rent est possible<\/strong>, fait de respect pour la plan\u00e8te et pour ses habitants. <strong>Chaque choix durable<\/strong>, chaque voyage conscient, chaque h\u00e9bergement \u00e9co-responsable que nous visitons ensemble est un pas vers un monde meilleur.<\/p>\n<p data-start=\"4669\" data-end=\"4685\">Venez avec nous ?<\/p>\n<p style=\"text-align: right;\" data-start=\"4669\" data-end=\"4685\"><em>Page mise \u00e0 jour en septembre 2025<\/em><\/p>\n","protected":false},"excerpt":{"rendered":"<p>Comment Ecobnb est n\u00e9, l\u2019aventure entreprise pour am\u00e9liorer notre fa\u00e7on de voyager, pour rendre le tourisme plus durable, respectueux de l\u2019environnement, des lieux et des communaut\u00e9s locales. Ici, nous voulons vous raconter notre histoire, qui nous sommes et pourquoi nous le faisons. Nous sommes Simone et Silvia, et en 2013 nous avons d\u00e9cid\u00e9 de r\u00e9volutionner [&hellip;]<\/p>\n","protected":false},"author":3,"featured_media":7138,"parent":0,"menu_order":0,"comment_status":"closed","ping_status":"closed","template":"","meta":[],"acf":[],"yoast_head":"<!-- This site is optimized with the Yoast SEO plugin v19.9 - https:\/\/yoast.com\/wordpress\/plugins\/seo\/ -->\n<title>Notre histoire : comment Ecobnb est n\u00e9 - Ecobnb<\/title>\n<meta name=\"description\" content=\"D\u00e9couvrez l\u2019histoire d\u2019Ecobnb, n\u00e9 du r\u00eave de Simone et Silvia, la communaut\u00e9 d\u00e9di\u00e9e au tourisme durable et aux h\u00e9bergements \u00e9co-responsables.\" \/>\n<meta name=\"robots\" content=\"index, follow, max-snippet:-1, max-image-preview:large, max-video-preview:-1\" \/>\n<link rel=\"canonical\" href=\"https:\/\/ecobnb.fr\/blog\/historie\/\" \/>\n<meta property=\"og:locale\" content=\"fr_FR\" \/>\n<meta property=\"og:type\" content=\"article\" \/>\n<meta property=\"og:title\" content=\"Notre histoire : comment Ecobnb est n\u00e9 - Ecobnb\" \/>\n<meta property=\"og:description\" content=\"D\u00e9couvrez l\u2019histoire d\u2019Ecobnb, n\u00e9 du r\u00eave de Simone et Silvia, la communaut\u00e9 d\u00e9di\u00e9e au tourisme durable et aux h\u00e9bergements \u00e9co-responsables.\" \/>\n<meta property=\"og:url\" content=\"https:\/\/ecobnb.fr\/blog\/historie\/\" \/>\n<meta property=\"og:site_name\" content=\"Ecobnb\" \/>\n<meta property=\"article:modified_time\" content=\"2025-11-02T11:33:19+00:00\" \/>\n<meta property=\"og:image\" content=\"https:\/\/ecobnb.fr\/blog\/app\/uploads\/sites\/7\/2025\/11\/LHistoire-dEcobnb.jpg\" \/>\n\t<meta property=\"og:image:width\" content=\"1170\" \/>\n\t<meta property=\"og:image:height\" content=\"490\" \/>\n\t<meta property=\"og:image:type\" content=\"image\/jpeg\" \/>\n<meta name=\"twitter:card\" content=\"summary_large_image\" \/>\n<meta name=\"twitter:label1\" content=\"Est. reading time\" \/>\n\t<meta name=\"twitter:data1\" content=\"5 minutes\" \/>\n<!-- \/ Yoast SEO plugin. -->","yoast_head_json":{"title":"Notre histoire : comment Ecobnb est n\u00e9 - Ecobnb","description":"D\u00e9couvrez l\u2019histoire d\u2019Ecobnb, n\u00e9 du r\u00eave de Simone et Silvia, la communaut\u00e9 d\u00e9di\u00e9e au tourisme durable et aux h\u00e9bergements \u00e9co-responsables.","robots":{"index":"index","follow":"follow","max-snippet":"max-snippet:-1","max-image-preview":"max-image-preview:large","max-video-preview":"max-video-preview:-1"},"canonical":"https:\/\/ecobnb.fr\/blog\/historie\/","og_locale":"fr_FR","og_type":"article","og_title":"Notre histoire : comment Ecobnb est n\u00e9 - Ecobnb","og_description":"D\u00e9couvrez l\u2019histoire d\u2019Ecobnb, n\u00e9 du r\u00eave de Simone et Silvia, la communaut\u00e9 d\u00e9di\u00e9e au tourisme durable et aux h\u00e9bergements \u00e9co-responsables.","og_url":"https:\/\/ecobnb.fr\/blog\/historie\/","og_site_name":"Ecobnb","article_modified_time":"2025-11-02T11:33:19+00:00","og_image":[{"width":1170,"height":490,"url":"https:\/\/ecobnb.fr\/blog\/app\/uploads\/sites\/7\/2025\/11\/LHistoire-dEcobnb.jpg","type":"image\/jpeg"}],"twitter_card":"summary_large_image","twitter_misc":{"Est. reading time":"5 minutes"},"schema":{"@context":"https:\/\/schema.org","@graph":[{"@type":"WebPage","@id":"https:\/\/ecobnb.fr\/blog\/historie\/","url":"https:\/\/ecobnb.fr\/blog\/historie\/","name":"Notre histoire : comment Ecobnb est n\u00e9 - Ecobnb","isPartOf":{"@id":"https:\/\/ecobnb.fr\/blog\/#website"},"datePublished":"2025-11-02T10:57:01+00:00","dateModified":"2025-11-02T11:33:19+00:00","description":"D\u00e9couvrez l\u2019histoire d\u2019Ecobnb, n\u00e9 du r\u00eave de Simone et Silvia, la communaut\u00e9 d\u00e9di\u00e9e au tourisme durable et aux h\u00e9bergements \u00e9co-responsables.","breadcrumb":{"@id":"https:\/\/ecobnb.fr\/blog\/historie\/#breadcrumb"},"inLanguage":"fr-FR","potentialAction":[{"@type":"ReadAction","target":["https:\/\/ecobnb.fr\/blog\/historie\/"]}]},{"@type":"BreadcrumbList","@id":"https:\/\/ecobnb.fr\/blog\/historie\/#breadcrumb","itemListElement":[{"@type":"ListItem","position":1,"name":"Home","item":"https:\/\/ecobnb.fr\/blog\/"},{"@type":"ListItem","position":2,"name":"Notre histoire : comment Ecobnb est n\u00e9"}]},{"@type":"WebSite","@id":"https:\/\/ecobnb.fr\/blog\/#website","url":"https:\/\/ecobnb.fr\/blog\/","name":"Ecobnb","description":"Find sustainable accommodation","potentialAction":[{"@type":"SearchAction","target":{"@type":"EntryPoint","urlTemplate":"https:\/\/ecobnb.fr\/blog\/?s={search_term_string}"},"query-input":"required name=search_term_string"}],"inLanguage":"fr-FR"}]}},"_links":{"self":[{"href":"https:\/\/ecobnb.fr\/blog\/wp-json\/wp\/v2\/pages\/7139"}],"collection":[{"href":"https:\/\/ecobnb.fr\/blog\/wp-json\/wp\/v2\/pages"}],"about":[{"href":"https:\/\/ecobnb.fr\/blog\/wp-json\/wp\/v2\/types\/page"}],"author":[{"embeddable":true,"href":"https:\/\/ecobnb.fr\/blog\/wp-json\/wp\/v2\/users\/3"}],"replies":[{"embeddable":true,"href":"https:\/\/ecobnb.fr\/blog\/wp-json\/wp\/v2\/comments?post=7139"}],"version-history":[{"count":4,"href":"https:\/\/ecobnb.fr\/blog\/wp-json\/wp\/v2\/pages\/7139\/revisions"}],"predecessor-version":[{"id":7151,"href":"https:\/\/ecobnb.fr\/blog\/wp-json\/wp\/v2\/pages\/7139\/revisions\/7151"}],"wp:featuredmedia":[{"embeddable":true,"href":"https:\/\/ecobnb.fr\/blog\/wp-json\/wp\/v2\/media\/7138"}],"wp:attachment":[{"href":"https:\/\/ecobnb.fr\/blog\/wp-json\/wp\/v2\/media?parent=7139"}],"curies":[{"name":"wp","href":"https:\/\/api.w.org\/{rel}","templated":true}]}}