{"id":7773,"date":"2026-02-28T17:19:02","date_gmt":"2026-02-28T17:19:02","guid":{"rendered":"https:\/\/ecobnb.fr\/blog\/?page_id=7773"},"modified":"2026-02-28T17:19:50","modified_gmt":"2026-02-28T17:19:50","slug":"mentions-legales","status":"publish","type":"page","link":"https:\/\/ecobnb.fr\/blog\/mentions-legales\/","title":{"rendered":"Mentions L\u00e9gales"},"content":{"rendered":"\n<p><strong>Informations sur l\u2019entreprise (\u00a7 5 TMG)<\/strong><\/p>\n\n\n\n<p><strong>Entreprise :<\/strong><br>Ecobnb S.r.l.<\/p>\n\n\n\n<p><strong>Si\u00e8ge social :<\/strong><br>Piazza San Marco, 11<br>38068 Rovereto (TN)<br>Italie<\/p>\n\n\n\n<p><strong>Repr\u00e9sentant l\u00e9gal :<\/strong><br>Simone Riccardi<\/p>\n\n\n\n<p><strong>Contact :<\/strong><br>E-mail : info@ecobnb.com<\/p>\n\n\n\n<p><strong>Num\u00e9ro d\u2019identification TVA (\u00a727 a loi allemande sur la TVA) :<\/strong><br>IT 02342300221<\/p>\n\n\n\n<h3>Responsable du contenu (\u00a7 55 Abs. 2 RStV)<\/h3>\n\n\n\n<p>Simone Riccardi<br>Piazza San Marco, 11<br>38068 Rovereto (TN)<br>Italie<\/p>\n\n\n\n<h3>Clause de non-responsabilit\u00e9 \u2013 Contenus<\/h3>\n\n\n\n<p>Les contenus de notre site web ont \u00e9t\u00e9 r\u00e9dig\u00e9s avec le plus grand soin. Toutefois, nous ne pouvons garantir ni assumer la responsabilit\u00e9 de l\u2019exactitude, de l\u2019exhaustivit\u00e9 ou de l\u2019actualit\u00e9 des informations fournies. Nous nous r\u00e9servons le droit de modifier ou de mettre \u00e0 jour le contenu du site web \u00e0 tout moment sans pr\u00e9avis.<\/p>\n\n\n\n<p>Nous n\u2019assumons \u00e9galement aucune responsabilit\u00e9 pour les contenus des liens externes. Les op\u00e9rateurs des sites li\u00e9s sont les seuls responsables de leurs contenus.<\/p>\n\n\n\n<p>L\u2019utilisation des contenus du site se fait \u00e0 vos propres risques. Nous d\u00e9clinons toute responsabilit\u00e9 pour les dommages directs ou indirects r\u00e9sultant de l\u2019utilisation des informations, dans la mesure permise par la loi.<\/p>\n\n\n\n<p>Vous trouverez des informations juridiques suppl\u00e9mentaires dans nos <a href=\"https:\/\/ecobnb.fr\/blog\/terms\/\" target=\"_blank\" rel=\"noreferrer noopener\">Conditions G\u00e9n\u00e9rales<\/a>.<\/p>\n\n\n\n<h3>R\u00e9solution des litiges en ligne (ODR)<\/h3>\n\n\n\n<p>La Commission europ\u00e9enne met \u00e0 disposition une plateforme pour la r\u00e9solution des litiges en ligne (ODR) : <a href=\"https:\/\/ec.europa.eu\/consumers\/odr\/\" target=\"_blank\" rel=\"noreferrer noopener\">https:\/\/ec.europa.eu\/consumers\/odr\/<\/a><\/p>\n","protected":false},"excerpt":{"rendered":"<p>Informations sur l\u2019entreprise (\u00a7 5 TMG) Entreprise :Ecobnb S.r.l. Si\u00e8ge social :Piazza San Marco, 1138068 Rovereto (TN)Italie Repr\u00e9sentant l\u00e9gal :Simone Riccardi Contact :E-mail : info@ecobnb.com Num\u00e9ro d\u2019identification TVA (\u00a727 a loi allemande sur la TVA) :IT 02342300221 Responsable du contenu (\u00a7 55 Abs. 2 RStV) Simone RiccardiPiazza San Marco, 1138068 Rovereto (TN)Italie Clause de non-responsabilit\u00e9 [&hellip;]<\/p>\n","protected":false},"author":42,"featured_media":7776,"parent":0,"menu_order":0,"comment_status":"closed","ping_status":"closed","template":"","meta":[],"acf":[],"yoast_head":"<!-- This site is optimized with the Yoast SEO plugin v19.9 - https:\/\/yoast.com\/wordpress\/plugins\/seo\/ -->\n<title>Mentions L\u00e9gales \u2013 Ecobnb<\/title>\n<meta name=\"description\" content=\"Mentions L\u00e9gales d\u2019Ecobnb : informations sur l\u2019entreprise, contacts, TVA et responsable du contenu.\" \/>\n<meta name=\"robots\" content=\"index, follow, max-snippet:-1, max-image-preview:large, max-video-preview:-1\" \/>\n<link rel=\"canonical\" href=\"https:\/\/ecobnb.fr\/blog\/mentions-legales\/\" \/>\n<meta property=\"og:locale\" content=\"fr_FR\" \/>\n<meta property=\"og:type\" content=\"article\" \/>\n<meta property=\"og:title\" content=\"Mentions L\u00e9gales \u2013 Ecobnb\" \/>\n<meta property=\"og:description\" content=\"Mentions L\u00e9gales d\u2019Ecobnb : informations sur l\u2019entreprise, contacts, TVA et responsable du contenu.\" \/>\n<meta property=\"og:url\" content=\"https:\/\/ecobnb.fr\/blog\/mentions-legales\/\" \/>\n<meta property=\"og:site_name\" content=\"Ecobnb\" \/>\n<meta property=\"article:modified_time\" content=\"2026-02-28T17:19:50+00:00\" \/>\n<meta property=\"og:image\" content=\"https:\/\/ecobnb.fr\/blog\/app\/uploads\/sites\/7\/2026\/02\/impressum-Ecobnb.png\" \/>\n\t<meta property=\"og:image:width\" content=\"1170\" \/>\n\t<meta property=\"og:image:height\" content=\"490\" \/>\n\t<meta property=\"og:image:type\" content=\"image\/png\" \/>\n<meta name=\"twitter:card\" content=\"summary_large_image\" \/>\n<meta name=\"twitter:label1\" content=\"Est. reading time\" \/>\n\t<meta name=\"twitter:data1\" content=\"2 minutes\" \/>\n<!-- \/ Yoast SEO plugin. -->","yoast_head_json":{"title":"Mentions L\u00e9gales \u2013 Ecobnb","description":"Mentions L\u00e9gales d\u2019Ecobnb : informations sur l\u2019entreprise, contacts, TVA et responsable du contenu.","robots":{"index":"index","follow":"follow","max-snippet":"max-snippet:-1","max-image-preview":"max-image-preview:large","max-video-preview":"max-video-preview:-1"},"canonical":"https:\/\/ecobnb.fr\/blog\/mentions-legales\/","og_locale":"fr_FR","og_type":"article","og_title":"Mentions L\u00e9gales \u2013 Ecobnb","og_description":"Mentions L\u00e9gales d\u2019Ecobnb : informations sur l\u2019entreprise, contacts, TVA et responsable du contenu.","og_url":"https:\/\/ecobnb.fr\/blog\/mentions-legales\/","og_site_name":"Ecobnb","article_modified_time":"2026-02-28T17:19:50+00:00","og_image":[{"width":1170,"height":490,"url":"https:\/\/ecobnb.fr\/blog\/app\/uploads\/sites\/7\/2026\/02\/impressum-Ecobnb.png","type":"image\/png"}],"twitter_card":"summary_large_image","twitter_misc":{"Est. reading time":"2 minutes"},"schema":{"@context":"https:\/\/schema.org","@graph":[{"@type":"WebPage","@id":"https:\/\/ecobnb.fr\/blog\/mentions-legales\/","url":"https:\/\/ecobnb.fr\/blog\/mentions-legales\/","name":"Mentions L\u00e9gales \u2013 Ecobnb","isPartOf":{"@id":"https:\/\/ecobnb.fr\/blog\/#website"},"datePublished":"2026-02-28T17:19:02+00:00","dateModified":"2026-02-28T17:19:50+00:00","description":"Mentions L\u00e9gales d\u2019Ecobnb : informations sur l\u2019entreprise, contacts, TVA et responsable du contenu.","breadcrumb":{"@id":"https:\/\/ecobnb.fr\/blog\/mentions-legales\/#breadcrumb"},"inLanguage":"fr-FR","potentialAction":[{"@type":"ReadAction","target":["https:\/\/ecobnb.fr\/blog\/mentions-legales\/"]}]},{"@type":"BreadcrumbList","@id":"https:\/\/ecobnb.fr\/blog\/mentions-legales\/#breadcrumb","itemListElement":[{"@type":"ListItem","position":1,"name":"Home","item":"https:\/\/ecobnb.fr\/blog\/"},{"@type":"ListItem","position":2,"name":"Mentions L\u00e9gales"}]},{"@type":"WebSite","@id":"https:\/\/ecobnb.fr\/blog\/#website","url":"https:\/\/ecobnb.fr\/blog\/","name":"Ecobnb","description":"Find sustainable accommodation","potentialAction":[{"@type":"SearchAction","target":{"@type":"EntryPoint","urlTemplate":"https:\/\/ecobnb.fr\/blog\/?s={search_term_string}"},"query-input":"required name=search_term_string"}],"inLanguage":"fr-FR"}]}},"_links":{"self":[{"href":"https:\/\/ecobnb.fr\/blog\/wp-json\/wp\/v2\/pages\/7773"}],"collection":[{"href":"https:\/\/ecobnb.fr\/blog\/wp-json\/wp\/v2\/pages"}],"about":[{"href":"https:\/\/ecobnb.fr\/blog\/wp-json\/wp\/v2\/types\/page"}],"author":[{"embeddable":true,"href":"https:\/\/ecobnb.fr\/blog\/wp-json\/wp\/v2\/users\/42"}],"replies":[{"embeddable":true,"href":"https:\/\/ecobnb.fr\/blog\/wp-json\/wp\/v2\/comments?post=7773"}],"version-history":[{"count":2,"href":"https:\/\/ecobnb.fr\/blog\/wp-json\/wp\/v2\/pages\/7773\/revisions"}],"predecessor-version":[{"id":7777,"href":"https:\/\/ecobnb.fr\/blog\/wp-json\/wp\/v2\/pages\/7773\/revisions\/7777"}],"wp:featuredmedia":[{"embeddable":true,"href":"https:\/\/ecobnb.fr\/blog\/wp-json\/wp\/v2\/media\/7776"}],"wp:attachment":[{"href":"https:\/\/ecobnb.fr\/blog\/wp-json\/wp\/v2\/media?parent=7773"}],"curies":[{"name":"wp","href":"https:\/\/api.w.org\/{rel}","templated":true}]}}