{"id":7797,"date":"2026-03-06T10:41:48","date_gmt":"2026-03-06T10:41:48","guid":{"rendered":"https:\/\/ecobnb.fr\/blog\/?page_id=7797"},"modified":"2026-03-06T10:43:02","modified_gmt":"2026-03-06T10:43:02","slug":"amour-voyage-idees-cadeaux","status":"publish","type":"page","link":"https:\/\/ecobnb.fr\/blog\/amour-voyage-idees-cadeaux\/","title":{"rendered":"Amour et voyage : Citations et id\u00e9es cadeaux pour ceux qui aiment d\u00e9couvrir le monde ensemble"},"content":{"rendered":"\n<p>Monter dans un train sans savoir exactement o\u00f9 aller, remplir un sac \u00e0 dos \u00e0 deux, pointer du doigt une carte et dire : \u00ab Allons-y ! \u00bb <strong>Voyager en couple <\/strong>c\u2019est tout cela et bien plus encore. C\u2019est partager l\u2019\u00e9merveillement devant un paysage inconnu, <strong>apprendre \u00e0 se perdre ensemble<\/strong>, d\u00e9couvrir le monde, mais surtout se red\u00e9couvrir chaque jour. Sur cette page, nous avons rassembl\u00e9 les plus belles citations sur l\u2019amour et le voyage \u00e0 d\u00e9dier \u00e0 la personne que vous aimez !<\/p>\n\n\n\n<p>L\u2019<strong>amour<\/strong> et le<strong> voyage<\/strong> suivent le m\u00eame rythme : tous deux exigent du <strong>courage<\/strong>, de la confiance et <strong>l\u2019envie de d\u00e9couvrir.<\/strong> \u00c9crivains, po\u00e8tes et penseurs ont racont\u00e9 combien partir ensemble permet de grandir, de changer et de renforcer un lien.<\/p>\n\n\n\n<p>Si ces citations vous font sourire, pourquoi ne pas les transformer en geste sp\u00e9cial ? Avec les <a href=\"https:\/\/ecobnb.fr\/blog\/gift-card\/\" target=\"_blank\" rel=\"noreferrer noopener\">cartes-cadeaux Ecobnb<\/a>, vous pouvez offrir un s\u00e9jour en pleine nature et l\u2019accompagner de la <strong>citation romantique<\/strong> qui raconte le mieux votre histoire.<\/p>\n\n\n\n<h2>Les plus belles citations et pens\u00e9es sur l\u2019amour et le voyage<\/h2>\n\n\n\n<h3>Saint-Valentin<\/h3>\n\n\n\n<figure class=\"wp-block-image size-full\"><img width=\"870\" height=\"490\" src=\"https:\/\/ecobnb.fr\/blog\/app\/uploads\/sites\/7\/2026\/02\/3_20260223_204901_0002.png\" alt=\"Citation d\u2019amour po\u00e9tique d\u2019Antoine de Saint-Exup\u00e9ry en typographie blanche \u00e9l\u00e9gante sur un fond naturel chaud et l\u00e9g\u00e8rement flou aux tons automnaux, avec le logo Eco BnB.\" class=\"wp-image-7742\" srcset=\"https:\/\/ecobnb.fr\/blog\/app\/uploads\/sites\/7\/2026\/02\/3_20260223_204901_0002.png 870w, https:\/\/ecobnb.fr\/blog\/app\/uploads\/sites\/7\/2026\/02\/3_20260223_204901_0002-536x302.png 536w, https:\/\/ecobnb.fr\/blog\/app\/uploads\/sites\/7\/2026\/02\/3_20260223_204901_0002-768x433.png 768w, https:\/\/ecobnb.fr\/blog\/app\/uploads\/sites\/7\/2026\/02\/3_20260223_204901_0002-570x320.png 570w, https:\/\/ecobnb.fr\/blog\/app\/uploads\/sites\/7\/2026\/02\/3_20260223_204901_0002-344x194.png 344w\" sizes=\"(max-width: 870px) 100vw, 870px\" \/><\/figure>\n\n\n\n<p>Ne voyage jamais avec la personne que tu n&rsquo;aimes pas<\/p>\n\n\n\n<p>(Ernest Hemingway)<\/p>\n\n\n\n<p>Deux c\u0153urs, une valise, mille destinations<\/p>\n\n\n\n<p>(Anonyme)<\/p>\n\n\n\n<p>Aimer, ce n&rsquo;est pas se regarder l&rsquo;un l&rsquo;autre, c&rsquo;est regarder ensemble dans la m\u00eame direction<\/p>\n\n\n\n<p>(Antoine de Saint-Exup\u00e9ry)<\/p>\n\n\n\n<p>Je t&rsquo;aime non&nbsp;seulement&nbsp;pour&nbsp;ce que&nbsp;tu es,&nbsp;mais pour&nbsp;ce que&nbsp;je suis quand je suis avec toi<\/p>\n\n\n\n<p>(Gabriel Garc\u00eda M\u00e1rquez)<\/p>\n\n\n\n<p>L&rsquo;amour est&nbsp;compos\u00e9 d&rsquo;une&nbsp;seule \u00e2me habitant deux corps.<\/p>\n\n\n\n<p>(Aristote)<\/p>\n\n\n\n<p>L\u00e0 o\u00f9 tu es, c\u2019est ma maison.<\/p>\n\n\n\n<p>(Emily Dickinson)<\/p>\n\n\n\n<h3>Jeunes mari\u00e9s<\/h3>\n\n\n\n<figure class=\"wp-block-image size-full\"><img width=\"870\" height=\"490\" src=\"https:\/\/ecobnb.fr\/blog\/app\/uploads\/sites\/7\/2026\/02\/4_20260223_204901_0003.png\" alt=\"Citation sur le mariage de S\u00f8ren Kierkegaard en typographie noire \u00e9l\u00e9gante sur un fond chaud et l\u00e9g\u00e8rement flou, avec un c\u0153ur rouge tenu entre deux mains, accompagn\u00e9e du logo Eco BnB.\" class=\"wp-image-7743\" srcset=\"https:\/\/ecobnb.fr\/blog\/app\/uploads\/sites\/7\/2026\/02\/4_20260223_204901_0003.png 870w, https:\/\/ecobnb.fr\/blog\/app\/uploads\/sites\/7\/2026\/02\/4_20260223_204901_0003-536x302.png 536w, https:\/\/ecobnb.fr\/blog\/app\/uploads\/sites\/7\/2026\/02\/4_20260223_204901_0003-768x433.png 768w, https:\/\/ecobnb.fr\/blog\/app\/uploads\/sites\/7\/2026\/02\/4_20260223_204901_0003-570x320.png 570w, https:\/\/ecobnb.fr\/blog\/app\/uploads\/sites\/7\/2026\/02\/4_20260223_204901_0003-344x194.png 344w\" sizes=\"(max-width: 870px) 100vw, 870px\" \/><\/figure>\n\n\n\n<p>Le mariage est et restera le voyage de d\u00e9couverte le plus important que l&rsquo;homme puisse entreprendre;<\/p>\n\n\n\n<p>(S\u00f8ren Kierkegaard)<\/p>\n\n\n\n<p>Peu importe o\u00f9 nous allons, l\u2019important est avec qui.<\/p>\n\n\n\n<p>(Anonyme)<\/p>\n\n\n\n<p>Chaque voyage se vit trois fois : quand on le r\u00eave, quand on le vit et quand on s\u2019en souvient.<\/p>\n\n\n\n<p>(Anonyme)<\/p>\n\n\n\n<p>Voyager ensemble signifie choisir chaque jour quelqu\u2019un avec qui partager la route.<\/p>\n\n\n\n<p>(Anonyme)<\/p>\n\n\n\n<p>Certains voyages se font avec un seul bagage : le c\u0153ur.<\/p>\n\n\n\n<p>(Anonyme)<\/p>\n\n\n\n<p>Ce qui compte, ce n\u2019est pas tant o\u00f9 l\u2019on arrive, mais comment on marche ensemble.<\/p>\n\n\n\n<p>(Inspir\u00e9 par Henry David Thoreau)<\/p>\n\n\n\n<h3>Anniversaire<\/h3>\n\n\n\n<figure class=\"wp-block-image size-full\"><img width=\"870\" height=\"490\" src=\"https:\/\/ecobnb.fr\/blog\/app\/uploads\/sites\/7\/2026\/02\/1_20260223_204901_0000.png\" alt=\"Citation romantique de Robert Browning en typographie blanche \u00e9l\u00e9gante sur un fond chaud et l\u00e9g\u00e8rement flou avec des \u00e9l\u00e9ments naturels et un c\u0153ur rouge, avec le logo Eco BnB.\" class=\"wp-image-7744\" srcset=\"https:\/\/ecobnb.fr\/blog\/app\/uploads\/sites\/7\/2026\/02\/1_20260223_204901_0000.png 870w, https:\/\/ecobnb.fr\/blog\/app\/uploads\/sites\/7\/2026\/02\/1_20260223_204901_0000-536x302.png 536w, https:\/\/ecobnb.fr\/blog\/app\/uploads\/sites\/7\/2026\/02\/1_20260223_204901_0000-768x433.png 768w, https:\/\/ecobnb.fr\/blog\/app\/uploads\/sites\/7\/2026\/02\/1_20260223_204901_0000-570x320.png 570w, https:\/\/ecobnb.fr\/blog\/app\/uploads\/sites\/7\/2026\/02\/1_20260223_204901_0000-344x194.png 344w\" sizes=\"(max-width: 870px) 100vw, 870px\" \/><\/figure>\n\n\n\n<p>Chaque ann\u00e9e ensemble est une nouvelle \u00e9tape de notre voyage.<\/p>\n\n\n\n<p>(Anonyme)<\/p>\n\n\n\n<p>La plus grande aventure est d\u2019aimer quelqu\u2019un et de le d\u00e9couvrir jour apr\u00e8s jour.<\/p>\n\n\n\n<p>(Paulo Coelho)<\/p>\n\n\n\n<p>Notre amour est le voyage que je referais mille fois.<\/p>\n\n\n\n<p>(Anonyme)<\/p>\n\n\n\n<p>Nous avons parcouru tant de routes, mais je choisirais encore la tienne.<\/p>\n\n\n\n<p>(Anonyme)<\/p>\n\n\n\n<p>Vieillis avec moi ! Le meilleur est encore \u00e0 venir. <\/p>\n\n\n\n<p>(Robert Browning)<\/p>\n\n\n\n<p>Nous avons parcouru tant de routes, mais mon pr\u00e9f\u00e9r\u00e9 est toujours celui qui m\u00e8ne \u00e0 toi.<\/p>\n\n\n\n<p>(Anonyme)<\/p>\n\n\n\n<h3>Couples qui aiment voyager<\/h3>\n\n\n\n<figure class=\"wp-block-image size-full\"><img width=\"870\" height=\"490\" src=\"https:\/\/ecobnb.fr\/blog\/app\/uploads\/sites\/7\/2026\/02\/2_20260223_204901_0001.png\" alt=\"Citation de voyage sur l\u2019amour en typographie \u00e9l\u00e9gante sur une image d\u2019un couple en mouvement, dans une atmosph\u00e8re chaleureuse et \u00e9vocatrice qui transmet le sentiment d\u2019\u00eatre chez soi en voyage.\" class=\"wp-image-7745\" srcset=\"https:\/\/ecobnb.fr\/blog\/app\/uploads\/sites\/7\/2026\/02\/2_20260223_204901_0001.png 870w, https:\/\/ecobnb.fr\/blog\/app\/uploads\/sites\/7\/2026\/02\/2_20260223_204901_0001-536x302.png 536w, https:\/\/ecobnb.fr\/blog\/app\/uploads\/sites\/7\/2026\/02\/2_20260223_204901_0001-768x433.png 768w, https:\/\/ecobnb.fr\/blog\/app\/uploads\/sites\/7\/2026\/02\/2_20260223_204901_0001-570x320.png 570w, https:\/\/ecobnb.fr\/blog\/app\/uploads\/sites\/7\/2026\/02\/2_20260223_204901_0001-344x194.png 344w\" sizes=\"(max-width: 870px) 100vw, 870px\" \/><\/figure>\n\n\n\n<p>Deux c\u0153urs, une carte, des destinations infinies.<\/p>\n\n\n\n<p>(Anonyme)<\/p>\n\n\n\n<p>Explorer le monde est beau, l\u2019explorer avec toi est magique.<\/p>\n\n\n\n<p>(Anonyme)<\/p>\n\n\n\n<p>Voyager en compagnie de ceux que nous aimons est \u00e0 la maison en mouvement<\/p>\n\n\n\n<p>(Leigh Hunt)<\/p>\n\n\n\n<p>O\u00f9 que nous allions, mon endroit pr\u00e9f\u00e9r\u00e9 est \u00e0 c\u00f4t\u00e9 de toi.<\/p>\n\n\n\n<p>(Anonyme)<\/p>\n\n\n\n<p>Voyager avec celui qu\u2019on aime transforme chaque route en maison.<\/p>\n\n\n\n<p>(Mark Twain)<\/p>\n\n\n\n<p>Voyager, c\u2019est se d\u00e9couvrir soi-m\u00eame, mais d\u00e9couvrir ensemble est magique.<\/p>\n\n\n\n<p>(Paulo Coelho)<\/p>\n\n\n\n<h2>Transformez les citations en cadeau unique<\/h2>\n\n\n\n<figure class=\"wp-block-image size-full\"><img width=\"870\" height=\"490\" src=\"https:\/\/ecobnb.fr\/blog\/app\/uploads\/sites\/7\/2026\/02\/gift-card-tematiche-ecobnb.jpg\" alt=\"Collage de cartes-cadeaux Ecobnb et d\u2019images d\u2019h\u00e9bergements \u00e9cologiques.\" class=\"wp-image-7741\" srcset=\"https:\/\/ecobnb.fr\/blog\/app\/uploads\/sites\/7\/2026\/02\/gift-card-tematiche-ecobnb.jpg 870w, https:\/\/ecobnb.fr\/blog\/app\/uploads\/sites\/7\/2026\/02\/gift-card-tematiche-ecobnb-536x302.jpg 536w, https:\/\/ecobnb.fr\/blog\/app\/uploads\/sites\/7\/2026\/02\/gift-card-tematiche-ecobnb-768x433.jpg 768w, https:\/\/ecobnb.fr\/blog\/app\/uploads\/sites\/7\/2026\/02\/gift-card-tematiche-ecobnb-570x320.jpg 570w, https:\/\/ecobnb.fr\/blog\/app\/uploads\/sites\/7\/2026\/02\/gift-card-tematiche-ecobnb-344x194.jpg 344w\" sizes=\"(max-width: 870px) 100vw, 870px\" \/><\/figure>\n\n\n\n<p>Offrir un voyage est un geste sp\u00e9cial et, en y ajoutant une citation romantique, il devient inoubliable.<\/p>\n\n\n\n<p>Offrez un s\u00e9jour entre nature et d\u00e9tente avec les cartes-cadeaux Ecobnb, en choisissant la phrase qui raconte le mieux votre amour.<\/p>\n\n\n\n<ul><li>Parfait pour les jeunes mari\u00e9s ou les couples qui aiment voyager<\/li><li>Id\u00e9al pour les anniversaires ou la Saint-Valentin<\/li><li>Cadeau durable, exp\u00e9rientiel et m\u00e9morable<\/li><\/ul>\n\n\n\n<h2>3 conseils pour offrir un voyage inoubliable<\/h2>\n\n\n\n<figure class=\"wp-block-image size-full\"><img width=\"870\" height=\"490\" src=\"https:\/\/ecobnb.fr\/blog\/app\/uploads\/sites\/7\/2026\/02\/GiftCard-10E-Assaperlo-3-870x490.jpg.webp\" alt=\"Collage d\u2019un h\u00e9bergement en pleine nature avec une piscine naturelle ext\u00e9rieure entour\u00e9e d\u2019arbres et l\u2019int\u00e9rieur d\u2019une yourte avec un lit double.\" class=\"wp-image-7740\" srcset=\"https:\/\/ecobnb.fr\/blog\/app\/uploads\/sites\/7\/2026\/02\/GiftCard-10E-Assaperlo-3-870x490.jpg.webp 870w, https:\/\/ecobnb.fr\/blog\/app\/uploads\/sites\/7\/2026\/02\/GiftCard-10E-Assaperlo-3-870x490.jpg-536x302.webp 536w, https:\/\/ecobnb.fr\/blog\/app\/uploads\/sites\/7\/2026\/02\/GiftCard-10E-Assaperlo-3-870x490.jpg-768x433.webp 768w, https:\/\/ecobnb.fr\/blog\/app\/uploads\/sites\/7\/2026\/02\/GiftCard-10E-Assaperlo-3-870x490.jpg-570x320.webp 570w, https:\/\/ecobnb.fr\/blog\/app\/uploads\/sites\/7\/2026\/02\/GiftCard-10E-Assaperlo-3-870x490.jpg-344x194.webp 344w\" sizes=\"(max-width: 870px) 100vw, 870px\" \/><\/figure>\n\n\n\n<ol><li><strong>Choisissez soigneusement la destination. <\/strong>Des villages italiens au c\u0153ur de la nature aux glampings au bord de la mer, ou surprenez avec une cabane dans les arbres ou une nuit en yourte. Choisissez un lieu qui parle de votre lien et qui \u00e9meut celui que vous aimez.<\/li><li><strong>Accompagnez la carte-cadeau de mots sp\u00e9ciaux<\/strong>. Choisissez une citation ou une pens\u00e9e qui raconte votre histoire, votre aventure commune, et transformez le cadeau en geste personnel et unique.<\/li><li><strong>Transformez le s\u00e9jour en exp\u00e9rience m\u00e9morable<\/strong>. Proposez des activit\u00e9s durables \u00e0 faire ensemble : randonn\u00e9es en for\u00eats vierges, pique-nique au coucher du soleil ou promenades le long de la c\u00f4te. Chaque d\u00e9tail devient un souvenir inoubliable.<\/li><\/ol>\n\n\n\n<p><em>Image de couverture : photo de Mayur Gala via Unsplash<\/em><\/p>\n","protected":false},"excerpt":{"rendered":"<p>Monter dans un train sans savoir exactement o\u00f9 aller, remplir un sac \u00e0 dos \u00e0 deux, pointer du doigt une carte et dire : \u00ab Allons-y ! \u00bb Voyager en couple c\u2019est tout cela et bien plus encore. C\u2019est partager l\u2019\u00e9merveillement devant un paysage inconnu, apprendre \u00e0 se perdre ensemble, d\u00e9couvrir le monde, mais surtout [&hellip;]<\/p>\n","protected":false},"author":3,"featured_media":7746,"parent":0,"menu_order":0,"comment_status":"closed","ping_status":"closed","template":"","meta":[],"acf":[],"yoast_head":"<!-- This site is optimized with the Yoast SEO plugin v19.9 - https:\/\/yoast.com\/wordpress\/plugins\/seo\/ -->\n<title>Amour et voyage : Citations et id\u00e9es cadeaux pour les couples<\/title>\n<meta name=\"description\" content=\"Citations romantiques et id\u00e9es cadeaux pour les couples qui aiment voyager. Offrez un s\u00e9jour inoubliable avec les cartes-cadeaux Ecobnb.\" \/>\n<meta name=\"robots\" content=\"index, follow, max-snippet:-1, max-image-preview:large, max-video-preview:-1\" \/>\n<link rel=\"canonical\" href=\"https:\/\/ecobnb.fr\/blog\/amour-voyage-idees-cadeaux\/\" \/>\n<meta property=\"og:locale\" content=\"fr_FR\" \/>\n<meta property=\"og:type\" content=\"article\" \/>\n<meta property=\"og:title\" content=\"Amour et voyage : Citations et id\u00e9es cadeaux pour les couples\" \/>\n<meta property=\"og:description\" content=\"Citations romantiques et id\u00e9es cadeaux pour les couples qui aiment voyager. Offrez un s\u00e9jour inoubliable avec les cartes-cadeaux Ecobnb.\" \/>\n<meta property=\"og:url\" content=\"https:\/\/ecobnb.fr\/blog\/amour-voyage-idees-cadeaux\/\" \/>\n<meta property=\"og:site_name\" content=\"Ecobnb\" \/>\n<meta property=\"article:modified_time\" content=\"2026-03-06T10:43:02+00:00\" \/>\n<meta property=\"og:image\" content=\"https:\/\/ecobnb.fr\/blog\/app\/uploads\/sites\/7\/2026\/02\/mayur-gala-487-unsplash-1170x490.jpg.webp\" \/>\n\t<meta property=\"og:image:width\" content=\"1170\" \/>\n\t<meta property=\"og:image:height\" content=\"490\" \/>\n\t<meta property=\"og:image:type\" content=\"image\/webp\" \/>\n<meta name=\"twitter:card\" content=\"summary_large_image\" \/>\n<meta name=\"twitter:label1\" content=\"Est. reading time\" \/>\n\t<meta name=\"twitter:data1\" content=\"5 minutes\" \/>\n<!-- \/ Yoast SEO plugin. -->","yoast_head_json":{"title":"Amour et voyage : Citations et id\u00e9es cadeaux pour les couples","description":"Citations romantiques et id\u00e9es cadeaux pour les couples qui aiment voyager. Offrez un s\u00e9jour inoubliable avec les cartes-cadeaux Ecobnb.","robots":{"index":"index","follow":"follow","max-snippet":"max-snippet:-1","max-image-preview":"max-image-preview:large","max-video-preview":"max-video-preview:-1"},"canonical":"https:\/\/ecobnb.fr\/blog\/amour-voyage-idees-cadeaux\/","og_locale":"fr_FR","og_type":"article","og_title":"Amour et voyage : Citations et id\u00e9es cadeaux pour les couples","og_description":"Citations romantiques et id\u00e9es cadeaux pour les couples qui aiment voyager. Offrez un s\u00e9jour inoubliable avec les cartes-cadeaux Ecobnb.","og_url":"https:\/\/ecobnb.fr\/blog\/amour-voyage-idees-cadeaux\/","og_site_name":"Ecobnb","article_modified_time":"2026-03-06T10:43:02+00:00","og_image":[{"width":1170,"height":490,"url":"https:\/\/ecobnb.fr\/blog\/app\/uploads\/sites\/7\/2026\/02\/mayur-gala-487-unsplash-1170x490.jpg.webp","type":"image\/webp"}],"twitter_card":"summary_large_image","twitter_misc":{"Est. reading time":"5 minutes"},"schema":{"@context":"https:\/\/schema.org","@graph":[{"@type":"WebPage","@id":"https:\/\/ecobnb.fr\/blog\/amour-voyage-idees-cadeaux\/","url":"https:\/\/ecobnb.fr\/blog\/amour-voyage-idees-cadeaux\/","name":"Amour et voyage : Citations et id\u00e9es cadeaux pour les couples","isPartOf":{"@id":"https:\/\/ecobnb.fr\/blog\/#website"},"datePublished":"2026-03-06T10:41:48+00:00","dateModified":"2026-03-06T10:43:02+00:00","description":"Citations romantiques et id\u00e9es cadeaux pour les couples qui aiment voyager. Offrez un s\u00e9jour inoubliable avec les cartes-cadeaux Ecobnb.","breadcrumb":{"@id":"https:\/\/ecobnb.fr\/blog\/amour-voyage-idees-cadeaux\/#breadcrumb"},"inLanguage":"fr-FR","potentialAction":[{"@type":"ReadAction","target":["https:\/\/ecobnb.fr\/blog\/amour-voyage-idees-cadeaux\/"]}]},{"@type":"BreadcrumbList","@id":"https:\/\/ecobnb.fr\/blog\/amour-voyage-idees-cadeaux\/#breadcrumb","itemListElement":[{"@type":"ListItem","position":1,"name":"Home","item":"https:\/\/ecobnb.fr\/blog\/"},{"@type":"ListItem","position":2,"name":"Amour et voyage : Citations et id\u00e9es cadeaux pour ceux qui aiment d\u00e9couvrir le monde ensemble"}]},{"@type":"WebSite","@id":"https:\/\/ecobnb.fr\/blog\/#website","url":"https:\/\/ecobnb.fr\/blog\/","name":"Ecobnb","description":"Find sustainable accommodation","potentialAction":[{"@type":"SearchAction","target":{"@type":"EntryPoint","urlTemplate":"https:\/\/ecobnb.fr\/blog\/?s={search_term_string}"},"query-input":"required name=search_term_string"}],"inLanguage":"fr-FR"}]}},"_links":{"self":[{"href":"https:\/\/ecobnb.fr\/blog\/wp-json\/wp\/v2\/pages\/7797"}],"collection":[{"href":"https:\/\/ecobnb.fr\/blog\/wp-json\/wp\/v2\/pages"}],"about":[{"href":"https:\/\/ecobnb.fr\/blog\/wp-json\/wp\/v2\/types\/page"}],"author":[{"embeddable":true,"href":"https:\/\/ecobnb.fr\/blog\/wp-json\/wp\/v2\/users\/3"}],"replies":[{"embeddable":true,"href":"https:\/\/ecobnb.fr\/blog\/wp-json\/wp\/v2\/comments?post=7797"}],"version-history":[{"count":1,"href":"https:\/\/ecobnb.fr\/blog\/wp-json\/wp\/v2\/pages\/7797\/revisions"}],"predecessor-version":[{"id":7798,"href":"https:\/\/ecobnb.fr\/blog\/wp-json\/wp\/v2\/pages\/7797\/revisions\/7798"}],"wp:featuredmedia":[{"embeddable":true,"href":"https:\/\/ecobnb.fr\/blog\/wp-json\/wp\/v2\/media\/7746"}],"wp:attachment":[{"href":"https:\/\/ecobnb.fr\/blog\/wp-json\/wp\/v2\/media?parent=7797"}],"curies":[{"name":"wp","href":"https:\/\/api.w.org\/{rel}","templated":true}]}}